{"id":349,"date":"2025-05-12T16:25:37","date_gmt":"2025-05-12T16:25:37","guid":{"rendered":"https:\/\/xn--lasmuecas-p6a.ch\/?page_id=349"},"modified":"2025-05-27T12:07:08","modified_gmt":"2025-05-27T12:07:08","slug":"das-ambiente","status":"publish","type":"page","link":"https:\/\/xn--lasmuecas-p6a.ch\/?page_id=349","title":{"rendered":"DAS AMBIENTE"},"content":{"rendered":"\t\t<div data-elementor-type=\"wp-page\" data-elementor-id=\"349\" class=\"elementor elementor-349\">\n\t\t\t\t<div class=\"elementor-element elementor-element-291ec44 e-flex e-con-boxed e-con e-parent\" data-id=\"291ec44\" data-element_type=\"container\">\n\t\t\t\t\t<div class=\"e-con-inner\">\n\t\t\t\t<div class=\"elementor-element elementor-element-8f3be99 elementor-widget elementor-widget-text-editor\" data-id=\"8f3be99\" data-element_type=\"widget\" data-widget_type=\"text-editor.default\">\n\t\t\t\t<div class=\"elementor-widget-container\">\n\t\t\t\t\t\t\t\t\t<h2 class=\"elementor-heading-title elementor-size-default elementor-inline-editing pen\" style=\"font-size: 31.067px; text-wrap-mode: initial;\" data-elementor-setting-key=\"title\" data-pen-placeholder=\"Eingabe hier...\"><span style=\"font-size: 18pt;\">Hygiene &#8211; ein Schl\u00fcssel zu Gesundheit und Wohlbefinden. Deswegen ist es f\u00fcr uns ein Anliegen.<\/span><br \/><br \/><span style=\"font-size: 18pt;\">Wir sch\u00e4tzen es sehr, dass du dieses Denken mit uns teilst.<\/span><\/h2>\t\t\t\t\t\t\t\t<\/div>\n\t\t\t\t<\/div>\n\t\t\t\t<div class=\"elementor-element elementor-element-1323403 elementor-widget elementor-widget-heading\" data-id=\"1323403\" data-element_type=\"widget\" data-widget_type=\"heading.default\">\n\t\t\t\t<div class=\"elementor-widget-container\">\n\t\t\t\t\t<h2 class=\"elementor-heading-title elementor-size-default\">Zimmer 01<\/h2>\t\t\t\t<\/div>\n\t\t\t\t<\/div>\n\t\t\t\t<div class=\"elementor-element elementor-element-15d90a0 elementor-widget elementor-widget-image\" data-id=\"15d90a0\" data-element_type=\"widget\" data-widget_type=\"image.default\">\n\t\t\t\t<div class=\"elementor-widget-container\">\n\t\t\t\t\t\t\t\t\t\t\t\t\t\t\t<img fetchpriority=\"high\" decoding=\"async\" width=\"768\" height=\"1024\" src=\"https:\/\/xn--lasmuecas-p6a.ch\/wp-content\/uploads\/2025\/05\/aedd555b-8d52-481f-852f-d0ae445e5c70-768x1024.jpg\" class=\"attachment-large size-large wp-image-324\" alt=\"\" srcset=\"https:\/\/xn--lasmuecas-p6a.ch\/wp-content\/uploads\/2025\/05\/aedd555b-8d52-481f-852f-d0ae445e5c70-768x1024.jpg 768w, https:\/\/xn--lasmuecas-p6a.ch\/wp-content\/uploads\/2025\/05\/aedd555b-8d52-481f-852f-d0ae445e5c70-225x300.jpg 225w, https:\/\/xn--lasmuecas-p6a.ch\/wp-content\/uploads\/2025\/05\/aedd555b-8d52-481f-852f-d0ae445e5c70-1152x1536.jpg 1152w, https:\/\/xn--lasmuecas-p6a.ch\/wp-content\/uploads\/2025\/05\/aedd555b-8d52-481f-852f-d0ae445e5c70.jpg 1536w\" sizes=\"(max-width: 768px) 100vw, 768px\" \/>\t\t\t\t\t\t\t\t\t\t\t\t\t\t\t<\/div>\n\t\t\t\t<\/div>\n\t\t\t\t\t<\/div>\n\t\t\t\t<\/div>\n\t\t<div class=\"elementor-element elementor-element-bc382ef e-flex e-con-boxed e-con e-parent\" data-id=\"bc382ef\" data-element_type=\"container\">\n\t\t\t\t\t<div class=\"e-con-inner\">\n\t\t\t\t<div class=\"elementor-element elementor-element-1f3ddf8 elementor-widget elementor-widget-heading\" data-id=\"1f3ddf8\" data-element_type=\"widget\" data-widget_type=\"heading.default\">\n\t\t\t\t<div class=\"elementor-widget-container\">\n\t\t\t\t\t<h2 class=\"elementor-heading-title elementor-size-default\">Zimmer 01\nVis a Vis<\/h2>\t\t\t\t<\/div>\n\t\t\t\t<\/div>\n\t\t\t\t<div class=\"elementor-element elementor-element-d5a40b4 elementor-widget elementor-widget-image\" data-id=\"d5a40b4\" data-element_type=\"widget\" data-widget_type=\"image.default\">\n\t\t\t\t<div class=\"elementor-widget-container\">\n\t\t\t\t\t\t\t\t\t\t\t\t\t\t\t<img decoding=\"async\" width=\"768\" height=\"1024\" src=\"https:\/\/xn--lasmuecas-p6a.ch\/wp-content\/uploads\/2025\/05\/9ea2d3b3-ca7b-467a-a1ae-a67a52c8325c-768x1024.jpg\" class=\"attachment-large size-large wp-image-329\" alt=\"\" srcset=\"https:\/\/xn--lasmuecas-p6a.ch\/wp-content\/uploads\/2025\/05\/9ea2d3b3-ca7b-467a-a1ae-a67a52c8325c-768x1024.jpg 768w, https:\/\/xn--lasmuecas-p6a.ch\/wp-content\/uploads\/2025\/05\/9ea2d3b3-ca7b-467a-a1ae-a67a52c8325c-225x300.jpg 225w, https:\/\/xn--lasmuecas-p6a.ch\/wp-content\/uploads\/2025\/05\/9ea2d3b3-ca7b-467a-a1ae-a67a52c8325c-1152x1536.jpg 1152w, https:\/\/xn--lasmuecas-p6a.ch\/wp-content\/uploads\/2025\/05\/9ea2d3b3-ca7b-467a-a1ae-a67a52c8325c.jpg 1536w\" sizes=\"(max-width: 768px) 100vw, 768px\" \/>\t\t\t\t\t\t\t\t\t\t\t\t\t\t\t<\/div>\n\t\t\t\t<\/div>\n\t\t\t\t\t<\/div>\n\t\t\t\t<\/div>\n\t\t<div class=\"elementor-element elementor-element-2fb658c e-flex e-con-boxed e-con e-parent\" data-id=\"2fb658c\" data-element_type=\"container\">\n\t\t\t\t\t<div class=\"e-con-inner\">\n\t\t\t\t<div class=\"elementor-element elementor-element-7e51124 elementor-widget elementor-widget-heading\" data-id=\"7e51124\" data-element_type=\"widget\" data-widget_type=\"heading.default\">\n\t\t\t\t<div class=\"elementor-widget-container\">\n\t\t\t\t\t<h2 class=\"elementor-heading-title elementor-size-default\">Zimmer 02<\/h2>\t\t\t\t<\/div>\n\t\t\t\t<\/div>\n\t\t\t\t<div class=\"elementor-element elementor-element-983da01 elementor-widget elementor-widget-image\" data-id=\"983da01\" data-element_type=\"widget\" data-widget_type=\"image.default\">\n\t\t\t\t<div class=\"elementor-widget-container\">\n\t\t\t\t\t\t\t\t\t\t\t\t\t\t\t<img decoding=\"async\" width=\"1024\" height=\"727\" src=\"https:\/\/xn--lasmuecas-p6a.ch\/wp-content\/uploads\/2025\/05\/542271b7-42f4-43cc-a615-8606bd6daa56-1024x727.jpg\" class=\"attachment-large size-large wp-image-330\" alt=\"\" srcset=\"https:\/\/xn--lasmuecas-p6a.ch\/wp-content\/uploads\/2025\/05\/542271b7-42f4-43cc-a615-8606bd6daa56-1024x727.jpg 1024w, https:\/\/xn--lasmuecas-p6a.ch\/wp-content\/uploads\/2025\/05\/542271b7-42f4-43cc-a615-8606bd6daa56-300x213.jpg 300w, https:\/\/xn--lasmuecas-p6a.ch\/wp-content\/uploads\/2025\/05\/542271b7-42f4-43cc-a615-8606bd6daa56-768x545.jpg 768w, https:\/\/xn--lasmuecas-p6a.ch\/wp-content\/uploads\/2025\/05\/542271b7-42f4-43cc-a615-8606bd6daa56-1536x1091.jpg 1536w, https:\/\/xn--lasmuecas-p6a.ch\/wp-content\/uploads\/2025\/05\/542271b7-42f4-43cc-a615-8606bd6daa56.jpg 2048w\" sizes=\"(max-width: 1024px) 100vw, 1024px\" \/>\t\t\t\t\t\t\t\t\t\t\t\t\t\t\t<\/div>\n\t\t\t\t<\/div>\n\t\t\t\t\t<\/div>\n\t\t\t\t<\/div>\n\t\t<div class=\"elementor-element elementor-element-7c74f17 e-flex e-con-boxed e-con e-parent\" data-id=\"7c74f17\" data-element_type=\"container\">\n\t\t\t\t\t<div class=\"e-con-inner\">\n\t\t\t\t<div class=\"elementor-element elementor-element-dca3442 elementor-widget elementor-widget-heading\" data-id=\"dca3442\" data-element_type=\"widget\" data-widget_type=\"heading.default\">\n\t\t\t\t<div class=\"elementor-widget-container\">\n\t\t\t\t\t<h2 class=\"elementor-heading-title elementor-size-default\">Zimmer 03<\/h2>\t\t\t\t<\/div>\n\t\t\t\t<\/div>\n\t\t\t\t<div class=\"elementor-element elementor-element-0ebb793 elementor-widget elementor-widget-image\" data-id=\"0ebb793\" data-element_type=\"widget\" data-widget_type=\"image.default\">\n\t\t\t\t<div class=\"elementor-widget-container\">\n\t\t\t\t\t\t\t\t\t\t\t\t\t\t\t<img loading=\"lazy\" decoding=\"async\" width=\"768\" height=\"1024\" src=\"https:\/\/xn--lasmuecas-p6a.ch\/wp-content\/uploads\/2025\/05\/c5abeaf0-58aa-4db9-8092-c8e74ba4a41e-768x1024.jpg\" class=\"attachment-large size-large wp-image-327\" alt=\"\" srcset=\"https:\/\/xn--lasmuecas-p6a.ch\/wp-content\/uploads\/2025\/05\/c5abeaf0-58aa-4db9-8092-c8e74ba4a41e-768x1024.jpg 768w, https:\/\/xn--lasmuecas-p6a.ch\/wp-content\/uploads\/2025\/05\/c5abeaf0-58aa-4db9-8092-c8e74ba4a41e-225x300.jpg 225w, https:\/\/xn--lasmuecas-p6a.ch\/wp-content\/uploads\/2025\/05\/c5abeaf0-58aa-4db9-8092-c8e74ba4a41e-1152x1536.jpg 1152w, https:\/\/xn--lasmuecas-p6a.ch\/wp-content\/uploads\/2025\/05\/c5abeaf0-58aa-4db9-8092-c8e74ba4a41e.jpg 1536w\" sizes=\"(max-width: 768px) 100vw, 768px\" \/>\t\t\t\t\t\t\t\t\t\t\t\t\t\t\t<\/div>\n\t\t\t\t<\/div>\n\t\t\t\t\t<\/div>\n\t\t\t\t<\/div>\n\t\t<div class=\"elementor-element elementor-element-6f068e5 e-flex e-con-boxed e-con e-parent\" data-id=\"6f068e5\" data-element_type=\"container\">\n\t\t\t\t\t<div class=\"e-con-inner\">\n\t\t\t\t<div class=\"elementor-element elementor-element-abc846a elementor-widget elementor-widget-heading\" data-id=\"abc846a\" data-element_type=\"widget\" data-widget_type=\"heading.default\">\n\t\t\t\t<div class=\"elementor-widget-container\">\n\t\t\t\t\t<h2 class=\"elementor-heading-title elementor-size-default\">Dusche und WC<\/h2>\t\t\t\t<\/div>\n\t\t\t\t<\/div>\n\t\t\t\t<div class=\"elementor-element elementor-element-b51beb6 elementor-widget elementor-widget-image\" data-id=\"b51beb6\" data-element_type=\"widget\" data-widget_type=\"image.default\">\n\t\t\t\t<div class=\"elementor-widget-container\">\n\t\t\t\t\t\t\t\t\t\t\t\t\t\t\t<img loading=\"lazy\" decoding=\"async\" width=\"768\" height=\"1024\" src=\"https:\/\/xn--lasmuecas-p6a.ch\/wp-content\/uploads\/2025\/05\/02c85e30-dff8-4059-824d-5b66051ec95a-768x1024.jpg\" class=\"attachment-large size-large wp-image-328\" alt=\"\" srcset=\"https:\/\/xn--lasmuecas-p6a.ch\/wp-content\/uploads\/2025\/05\/02c85e30-dff8-4059-824d-5b66051ec95a-768x1024.jpg 768w, https:\/\/xn--lasmuecas-p6a.ch\/wp-content\/uploads\/2025\/05\/02c85e30-dff8-4059-824d-5b66051ec95a-225x300.jpg 225w, https:\/\/xn--lasmuecas-p6a.ch\/wp-content\/uploads\/2025\/05\/02c85e30-dff8-4059-824d-5b66051ec95a-1152x1536.jpg 1152w, https:\/\/xn--lasmuecas-p6a.ch\/wp-content\/uploads\/2025\/05\/02c85e30-dff8-4059-824d-5b66051ec95a.jpg 1536w\" sizes=\"(max-width: 768px) 100vw, 768px\" \/>\t\t\t\t\t\t\t\t\t\t\t\t\t\t\t<\/div>\n\t\t\t\t<\/div>\n\t\t\t\t\t<\/div>\n\t\t\t\t<\/div>\n\t\t<div class=\"elementor-element elementor-element-38ddc1d e-flex e-con-boxed e-con e-parent\" data-id=\"38ddc1d\" data-element_type=\"container\">\n\t\t\t\t\t<div class=\"e-con-inner\">\n\t\t\t\t<div class=\"elementor-element elementor-element-2447b39 elementor-widget elementor-widget-heading\" data-id=\"2447b39\" data-element_type=\"widget\" data-widget_type=\"heading.default\">\n\t\t\t\t<div class=\"elementor-widget-container\">\n\t\t\t\t\t<h2 class=\"elementor-heading-title elementor-size-default\">Gib hier deine \u00dcberschrift ein<\/h2>\t\t\t\t<\/div>\n\t\t\t\t<\/div>\n\t\t\t\t\t<\/div>\n\t\t\t\t<\/div>\n\t\t<div class=\"elementor-element elementor-element-89bc752 e-flex e-con-boxed e-con e-parent\" data-id=\"89bc752\" data-element_type=\"container\">\n\t\t\t\t\t<div class=\"e-con-inner\">\n\t\t\t\t<div class=\"elementor-element elementor-element-6949ef8 elementor-widget elementor-widget-text-editor\" data-id=\"6949ef8\" data-element_type=\"widget\" data-widget_type=\"text-editor.default\">\n\t\t\t\t<div class=\"elementor-widget-container\">\n\t\t\t\t\t\t\t\t\t<p>Lorem ipsum dolor sit amet, consectetur adipiscing elit. Ut elit tellus, luctus nec ullamcorper mattis, pulvinar dapibus leo.<\/p>\t\t\t\t\t\t\t\t<\/div>\n\t\t\t\t<\/div>\n\t\t\t\t\t<\/div>\n\t\t\t\t<\/div>\n\t\t<div class=\"elementor-element elementor-element-6c59911 e-flex e-con-boxed e-con e-parent\" data-id=\"6c59911\" data-element_type=\"container\">\n\t\t\t\t\t<div class=\"e-con-inner\">\n\t\t\t\t<div class=\"elementor-element elementor-element-6f06cad elementor-widget elementor-widget-text-editor\" data-id=\"6f06cad\" data-element_type=\"widget\" data-widget_type=\"text-editor.default\">\n\t\t\t\t<div class=\"elementor-widget-container\">\n\t\t\t\t\t\t\t\t\t<p><span style=\"vertical-align: inherit;\"><span style=\"vertical-align: inherit;\">Lorem ipsum dolor sit amet, consectetur adipiscing elit. Ut elit tellus, luctus nec ullamcorper mattis, pulvinar dapibus leo.<\/span><\/span><\/p>\t\t\t\t\t\t\t\t<\/div>\n\t\t\t\t<\/div>\n\t\t\t\t\t<\/div>\n\t\t\t\t<\/div>\n\t\t<div class=\"elementor-element elementor-element-3744906 e-flex e-con-boxed e-con e-parent\" data-id=\"3744906\" data-element_type=\"container\">\n\t\t\t\t\t<div class=\"e-con-inner\">\n\t\t\t\t<div class=\"elementor-element elementor-element-6ba03c6 elementor-widget elementor-widget-heading\" data-id=\"6ba03c6\" data-element_type=\"widget\" data-widget_type=\"heading.default\">\n\t\t\t\t<div class=\"elementor-widget-container\">\n\t\t\t\t\t<h2 class=\"elementor-heading-title elementor-size-default\">Gib hier deine \u00dcberschrift ein<\/h2>\t\t\t\t<\/div>\n\t\t\t\t<\/div>\n\t\t\t\t\t<\/div>\n\t\t\t\t<\/div>\n\t\t\t\t<\/div>\n\t\t","protected":false},"excerpt":{"rendered":"<p>Hygiene &#8211; ein Schl\u00fcssel zu Gesundheit und Wohlbefinden. Deswegen ist es f\u00fcr uns ein Anliegen. Wir sch\u00e4tzen es sehr, dass du dieses Denken mit uns teilst. Zimmer 01 Zimmer 01 Vis a Vis Zimmer 02 Zimmer 03 Dusche und WC Gib hier deine \u00dcberschrift ein Lorem ipsum dolor sit amet, consectetur adipiscing elit. Ut elit [&hellip;]<\/p>\n","protected":false},"author":1,"featured_media":0,"parent":0,"menu_order":0,"comment_status":"closed","ping_status":"closed","template":"","meta":{"footnotes":""},"class_list":["post-349","page","type-page","status-publish","hentry"],"_links":{"self":[{"href":"https:\/\/xn--lasmuecas-p6a.ch\/index.php?rest_route=\/wp\/v2\/pages\/349","targetHints":{"allow":["GET"]}}],"collection":[{"href":"https:\/\/xn--lasmuecas-p6a.ch\/index.php?rest_route=\/wp\/v2\/pages"}],"about":[{"href":"https:\/\/xn--lasmuecas-p6a.ch\/index.php?rest_route=\/wp\/v2\/types\/page"}],"author":[{"embeddable":true,"href":"https:\/\/xn--lasmuecas-p6a.ch\/index.php?rest_route=\/wp\/v2\/users\/1"}],"replies":[{"embeddable":true,"href":"https:\/\/xn--lasmuecas-p6a.ch\/index.php?rest_route=%2Fwp%2Fv2%2Fcomments&post=349"}],"version-history":[{"count":31,"href":"https:\/\/xn--lasmuecas-p6a.ch\/index.php?rest_route=\/wp\/v2\/pages\/349\/revisions"}],"predecessor-version":[{"id":598,"href":"https:\/\/xn--lasmuecas-p6a.ch\/index.php?rest_route=\/wp\/v2\/pages\/349\/revisions\/598"}],"wp:attachment":[{"href":"https:\/\/xn--lasmuecas-p6a.ch\/index.php?rest_route=%2Fwp%2Fv2%2Fmedia&parent=349"}],"curies":[{"name":"wp","href":"https:\/\/api.w.org\/{rel}","templated":true}]}}